{"id":1365,"date":"2023-07-22T10:22:08","date_gmt":"2023-07-22T09:22:08","guid":{"rendered":"https:\/\/www.evang-laa.at\/indexa\/?page_id=1365"},"modified":"2023-07-22T10:22:08","modified_gmt":"2023-07-22T09:22:08","slug":"finsterlings-gefaehrtinnen","status":"publish","type":"page","link":"https:\/\/www.evang-laa.at\/indexa\/finsterlings-gefaehrtinnen\/","title":{"rendered":"Finsterlings Gef\u00e4hrt*innen"},"content":{"rendered":"<p><img loading=\"lazy\" decoding=\"async\" class=\"alignleft size-medium wp-image-1366\" src=\"https:\/\/www.evang-laa.at\/indexa\/wp-content\/Finsterling-283x300.png\" alt=\"\" width=\"283\" height=\"300\" \/>Du bist ungef\u00e4hr zwischen 8 und 13 Jahre alt, dann <strong>sei dabei<\/strong>!<\/p>\n<p>Ab 22. September 2023 treffen wir uns einmal im Monat am Freitag Nachmittag von 17.00 bis 19.00 Uhr in Mistelbach im Gemeindehaus (Hugo \u2013 Riedl Stra\u00dfe 13). Gemeinsam wollen wir mit viel Spa\u00df, lustigen Spielen, kniffligen R\u00e4tseln und viel Gemeinschaftssinn Sch\u00e4tze des Glaubens und Sch\u00e4tze f\u00fcrs eigene Leben finden.<\/p>\n<p>Das Beste kommt zum Schluss:<\/p>\n<p>Zur freiwilligen <strong>Sommerfreizeit<\/strong> auf <strong>Burg Finstergr\u00fcn<\/strong> werden alle Gef\u00e4hrt*innen aus ganz \u00d6sterreich zusammenkommen! Dort werden wir gemeinsam eine Ferienwoche verbringen und noch mehr Spa\u00df haben.<\/p>\n<p>Wir freuen uns auf Dich!<\/p>\n<p>Wenn Du Interesse hast, melde Dich gerne bei:<\/p>\n<p><strong>Elke Jurkowitsch-Steidl<\/strong> unter 0676 4144574 oder elke@jurkowitsch.com<\/p>\n<p><strong>Florentine Durel<\/strong> unter 0699 18877309 oder PG.Mistelbach@evang.at<\/p>\n<p>oder komm einfach an einem der Termine vorbei\u00a0 https:\/\/www.evang-laa.at\/indexa\/termine\/<\/p>\n<p><a class=\"rd-pdf\" href=\"https:\/\/www.evang-laa.at\/indexa\/wp-content\/Gefaehrtinnen-Flyer-Kinder.pdf\">Gef\u00e4hrtinnen Flyer Kinder<\/a><\/p>\n<p><a href=\"https:\/\/www.evang-laa.at\/indexa\/wp-content\/Gefaehrtinnen-Flyer-Kinder.jpg\" target=\"_blank\" rel=\"noopener\"><img loading=\"lazy\" decoding=\"async\" class=\"aligncenter wp-image-1354 size-thumbnail\" src=\"https:\/\/www.evang-laa.at\/indexa\/wp-content\/Gefaehrtinnen-Flyer-Kinder-150x150.jpg\" alt=\"\" width=\"150\" height=\"150\" \/><\/a><\/p>\n","protected":false},"excerpt":{"rendered":"<p>Du bist ungef\u00e4hr zwischen 8 und 13 Jahre alt, dann sei dabei! Ab 22. September 2023 treffen wir uns einmal im Monat am Freitag Nachmittag von 17.00 bis 19.00 Uhr in Mistelbach im Gemeindehaus (Hugo \u2013 Riedl Stra\u00dfe 13). Gemeinsam wollen wir mit viel Spa\u00df, lustigen Spielen, kniffligen R\u00e4tseln und viel Gemeinschaftssinn Sch\u00e4tze des Glaubens &hellip; <a href=\"https:\/\/www.evang-laa.at\/indexa\/finsterlings-gefaehrtinnen\/\" class=\"more-link\"><span class=\"screen-reader-text\">Finsterlings Gef\u00e4hrt*innen<\/span> weiterlesen<\/a><\/p>\n","protected":false},"author":1,"featured_media":0,"parent":0,"menu_order":0,"comment_status":"closed","ping_status":"closed","template":"","meta":{"_mc_calendar":[],"footnotes":""},"class_list":["post-1365","page","type-page","status-publish","hentry"],"_links":{"self":[{"href":"https:\/\/www.evang-laa.at\/indexa\/wp-json\/wp\/v2\/pages\/1365","targetHints":{"allow":["GET"]}}],"collection":[{"href":"https:\/\/www.evang-laa.at\/indexa\/wp-json\/wp\/v2\/pages"}],"about":[{"href":"https:\/\/www.evang-laa.at\/indexa\/wp-json\/wp\/v2\/types\/page"}],"author":[{"embeddable":true,"href":"https:\/\/www.evang-laa.at\/indexa\/wp-json\/wp\/v2\/users\/1"}],"replies":[{"embeddable":true,"href":"https:\/\/www.evang-laa.at\/indexa\/wp-json\/wp\/v2\/comments?post=1365"}],"version-history":[{"count":1,"href":"https:\/\/www.evang-laa.at\/indexa\/wp-json\/wp\/v2\/pages\/1365\/revisions"}],"predecessor-version":[{"id":1367,"href":"https:\/\/www.evang-laa.at\/indexa\/wp-json\/wp\/v2\/pages\/1365\/revisions\/1367"}],"wp:attachment":[{"href":"https:\/\/www.evang-laa.at\/indexa\/wp-json\/wp\/v2\/media?parent=1365"}],"curies":[{"name":"wp","href":"https:\/\/api.w.org\/{rel}","templated":true}]}}

Finsterlings Gefährt*innen

<p><img loading="lazy" decoding="async" class="alignleft size-medium wp-image-1366" src="https://www.evang-laa.at/indexa/wp-content/Finsterling-283x300.png" alt="" width="283" height="300" />Du bist ungefähr zwischen 8 und 13 Jahre alt, dann <strong>sei dabei</strong>!</p>
<p>Ab 22. September 2023 treffen wir uns einmal im Monat am Freitag Nachmittag von 17.00 bis 19.00 Uhr in Mistelbach im Gemeindehaus (Hugo – Riedl Straße 13). Gemeinsam wollen wir mit viel Spaß, lustigen Spielen, kniffligen Rätseln und viel Gemeinschaftssinn Schätze des Glaubens und Schätze fürs eigene Leben finden.</p>
<p>Das Beste kommt zum Schluss:</p>
<p>Zur freiwilligen <strong>Sommerfreizeit</strong> auf <strong>Burg Finstergrün</strong> werden alle Gefährt*innen aus ganz Österreich zusammenkommen! Dort werden wir gemeinsam eine Ferienwoche verbringen und noch mehr Spaß haben.</p>
<p>Wir freuen uns auf Dich!</p>
<p>Wenn Du Interesse hast, melde Dich gerne bei:</p>
<p><strong>Elke Jurkowitsch-Steidl</strong> unter 0676 4144574 oder elke@jurkowitsch.com</p>
<p><strong>Florentine Durel</strong> unter 0699 18877309 oder PG.Mistelbach@evang.at</p>
<p>oder komm einfach an einem der Termine vorbei  https://www.evang-laa.at/indexa/termine/</p>
<p><a class="rd-pdf" href="https://www.evang-laa.at/indexa/wp-content/Gefaehrtinnen-Flyer-Kinder.pdf">Gefährtinnen Flyer Kinder</a></p>
<p><a href="https://www.evang-laa.at/indexa/wp-content/Gefaehrtinnen-Flyer-Kinder.jpg" target="_blank" rel="noopener"><img loading="lazy" decoding="async" class="aligncenter wp-image-1354 size-thumbnail" src="https://www.evang-laa.at/indexa/wp-content/Gefaehrtinnen-Flyer-Kinder-150x150.jpg" alt="" width="150" height="150" /></a></p>

<p>Du bist ungefähr zwischen 8 und 13 Jahre alt, dann sei dabei! Ab 22. September 2023 treffen wir uns einmal im Monat am Freitag Nachmittag von 17.00 bis 19.00 Uhr in Mistelbach im Gemeindehaus (Hugo – Riedl Straße 13). Gemeinsam wollen wir mit viel Spaß, lustigen Spielen, kniffligen Rätseln und viel Gemeinschaftssinn Schätze des Glaubens &hellip; <a href="https://www.evang-laa.at/indexa/finsterlings-gefaehrtinnen/" class="more-link"><span class="screen-reader-text">Finsterlings Gefährt*innen</span> weiterlesen</a></p>
