{"id":470,"date":"2022-01-14T08:43:50","date_gmt":"2022-01-14T07:43:50","guid":{"rendered":"https:\/\/www.evang-laa.at\/indexa\/?page_id=470"},"modified":"2022-04-16T09:14:07","modified_gmt":"2022-04-16T08:14:07","slug":"impressum","status":"publish","type":"page","link":"https:\/\/www.evang-laa.at\/indexa\/impressum\/","title":{"rendered":"Impressum"},"content":{"rendered":"<p>Diese Website ist ein Projekt der Evangelischen Kirche A.u.H.B. in Mistelbach und Laa, inhaltlich durchgef\u00fchrt von der Pfarrgemeinde.<\/p>\n<p><strong>Medieninhaber und Herausgeber<\/strong><br \/>\nEvangelische Pfarrgemeinde A.u.H.B. in Mistelbach (mit TG Laa)<br \/>\nHugo Riedl-Stra\u00dfe 13<br \/>\n2130 Mistelbach<br \/>\nE-Mail <a><span class=\"__eae_r13\">webmaster@evang-laa.at<\/span><\/a><\/p>\n<p>Rechtsform: K\u00f6rperschaft \u00f6ffentlichen Rechts<\/p>\n<p><strong>Betreiber<\/strong><br \/>\nEvangelische Pfarrgemeinde A.u.H.B. in Mistelbach (mit TG Laa)<br \/>\nHugo Riedl-Stra\u00dfe 13<br \/>\n2130 Mistelbach<br \/>\nE-Mail <a><span class=\"__eae_r13\">webmaster@evang-laa.at<\/span><\/a><\/p>\n<p><strong>Redaktion <\/strong><br \/>\nEvangelische Pfarrgemeinde A.u.H.B. in Mistelbach (mit TG Laa)<br \/>\nHugo Riedl-Stra\u00dfe 13<br \/>\n2130 Mistelbach<br \/>\nE-Mail <a><span class=\"__eae_r13\">webmaster@evang-laa.at<\/span><\/a><\/p>\n<p><strong>Konzeption und Projektleitung<\/strong><br \/>\nDr. Thomas Jaretz<br \/>\nE-Mail <a><span class=\"__eae_r13\">webmaster@evang-laa.at<\/span><\/a><\/p>\n<p><strong>Grundlegende Richtung<\/strong><br \/>\nInformation \u00fcber Themen aus dem Bereich der Evangelischen Pfarrgemeinde A.u.H.B. in Mistelbach (mit TG Laa),<br \/>\nder Evangelischen Kirchen, der \u00d6kumene und der Gesellschaft.<\/p>\n","protected":false},"excerpt":{"rendered":"<p>Diese Website ist ein Projekt der Evangelischen Kirche A.u.H.B. in Mistelbach und Laa, inhaltlich durchgef\u00fchrt von der Pfarrgemeinde. Medieninhaber und Herausgeber Evangelische Pfarrgemeinde A.u.H.B. in Mistelbach (mit TG Laa) Hugo Riedl-Stra\u00dfe 13 2130 Mistelbach E-Mail webmaster@evang-laa.at Rechtsform: K\u00f6rperschaft \u00f6ffentlichen Rechts Betreiber Evangelische Pfarrgemeinde A.u.H.B. in Mistelbach (mit TG Laa) Hugo Riedl-Stra\u00dfe 13 2130 Mistelbach E-Mail &hellip; <a href=\"https:\/\/www.evang-laa.at\/indexa\/impressum\/\" class=\"more-link\"><span class=\"screen-reader-text\">Impressum<\/span> weiterlesen<\/a><\/p>\n","protected":false},"author":1,"featured_media":0,"parent":0,"menu_order":0,"comment_status":"closed","ping_status":"closed","template":"","meta":{"_mc_calendar":[],"footnotes":""},"class_list":["post-470","page","type-page","status-publish","hentry"],"_links":{"self":[{"href":"https:\/\/www.evang-laa.at\/indexa\/wp-json\/wp\/v2\/pages\/470","targetHints":{"allow":["GET"]}}],"collection":[{"href":"https:\/\/www.evang-laa.at\/indexa\/wp-json\/wp\/v2\/pages"}],"about":[{"href":"https:\/\/www.evang-laa.at\/indexa\/wp-json\/wp\/v2\/types\/page"}],"author":[{"embeddable":true,"href":"https:\/\/www.evang-laa.at\/indexa\/wp-json\/wp\/v2\/users\/1"}],"replies":[{"embeddable":true,"href":"https:\/\/www.evang-laa.at\/indexa\/wp-json\/wp\/v2\/comments?post=470"}],"version-history":[{"count":3,"href":"https:\/\/www.evang-laa.at\/indexa\/wp-json\/wp\/v2\/pages\/470\/revisions"}],"predecessor-version":[{"id":876,"href":"https:\/\/www.evang-laa.at\/indexa\/wp-json\/wp\/v2\/pages\/470\/revisions\/876"}],"wp:attachment":[{"href":"https:\/\/www.evang-laa.at\/indexa\/wp-json\/wp\/v2\/media?parent=470"}],"curies":[{"name":"wp","href":"https:\/\/api.w.org\/{rel}","templated":true}]}}

<p>Diese Website ist ein Projekt der Evangelischen Kirche A.u.H.B. in Mistelbach und Laa, inhaltlich durchgeführt von der Pfarrgemeinde.</p>
<p><strong>Medieninhaber und Herausgeber</strong><br />
Evangelische Pfarrgemeinde A.u.H.B. in Mistelbach (mit TG Laa)<br />
Hugo Riedl-Straße 13<br />
2130 Mistelbach<br />
E-Mail <a><span class="__eae_r13">webmaster@evang-laa.at</span></a></p>
<p>Rechtsform: Körperschaft öffentlichen Rechts</p>
<p><strong>Betreiber</strong><br />
Evangelische Pfarrgemeinde A.u.H.B. in Mistelbach (mit TG Laa)<br />
Hugo Riedl-Straße 13<br />
2130 Mistelbach<br />
E-Mail <a><span class="__eae_r13">webmaster@evang-laa.at</span></a></p>
<p><strong>Redaktion </strong><br />
Evangelische Pfarrgemeinde A.u.H.B. in Mistelbach (mit TG Laa)<br />
Hugo Riedl-Straße 13<br />
2130 Mistelbach<br />
E-Mail <a><span class="__eae_r13">webmaster@evang-laa.at</span></a></p>
<p><strong>Konzeption und Projektleitung</strong><br />
Dr. Thomas Jaretz<br />
E-Mail <a><span class="__eae_r13">webmaster@evang-laa.at</span></a></p>
<p><strong>Grundlegende Richtung</strong><br />
Information über Themen aus dem Bereich der Evangelischen Pfarrgemeinde A.u.H.B. in Mistelbach (mit TG Laa),<br />
der Evangelischen Kirchen, der Ökumene und der Gesellschaft.</p>

<p>Diese Website ist ein Projekt der Evangelischen Kirche A.u.H.B. in Mistelbach und Laa, inhaltlich durchgeführt von der Pfarrgemeinde. Medieninhaber und Herausgeber Evangelische Pfarrgemeinde A.u.H.B. in Mistelbach (mit TG Laa) Hugo Riedl-Straße 13 2130 Mistelbach E-Mail webmaster@evang-laa.at Rechtsform: Körperschaft öffentlichen Rechts Betreiber Evangelische Pfarrgemeinde A.u.H.B. in Mistelbach (mit TG Laa) Hugo Riedl-Straße 13 2130 Mistelbach E-Mail &hellip; <a href="https://www.evang-laa.at/indexa/impressum/" class="more-link"><span class="screen-reader-text">Impressum</span> weiterlesen</a></p>
